{"id":359,"date":"2026-03-21T14:58:50","date_gmt":"2026-03-21T13:58:50","guid":{"rendered":"https:\/\/emotivart.fr\/boutique\/?post_type=product&#038;p=359"},"modified":"2026-04-02T18:23:29","modified_gmt":"2026-04-02T16:23:29","slug":"feelings-are-okay","status":"publish","type":"product","link":"https:\/\/emotivart.fr\/boutique\/produit\/feelings-are-okay\/","title":{"rendered":"Feelings are okay"},"content":{"rendered":"","protected":false},"excerpt":{"rendered":"<p data-start=\"50\" data-end=\"102\"><strong data-start=\"50\" data-end=\"100\">Planche de 13 stickers d\u2019\u00e9motions (en anglais)<\/strong><\/p>\n<p data-start=\"104\" data-end=\"184\">Une de mes premi\u00e8res cr\u00e9ations r\u00e9alis\u00e9es \u00e0 la main avec ma machine de d\u00e9coupe.<\/p>\n<p data-start=\"186\" data-end=\"260\"><strong data-start=\"186\" data-end=\"218\">1 seul exemplaire disponible<\/strong>, pour tester la long\u00e9vit\u00e9 des stickers.<\/p>\n<p data-start=\"262\" data-end=\"321\">\ud83d\udc8c Code promo \u201cFEELINGS\u201d : -4\u20ac sur les frais d\u2019exp\u00e9dition<\/p>\n","protected":false},"featured_media":360,"template":"","meta":[],"product_brand":[],"product_cat":[23],"product_tag":[52,49],"class_list":{"0":"post-359","1":"product","2":"type-product","3":"status-publish","4":"has-post-thumbnail","6":"product_cat-illustration-numerique","7":"product_tag-emotion","8":"product_tag-sticker","10":"first","11":"instock","12":"taxable","13":"shipping-taxable","14":"purchasable","15":"product-type-simple"},"jetpack_sharing_enabled":true,"_links":{"self":[{"href":"https:\/\/emotivart.fr\/boutique\/wp-json\/wp\/v2\/product\/359","targetHints":{"allow":["GET"]}}],"collection":[{"href":"https:\/\/emotivart.fr\/boutique\/wp-json\/wp\/v2\/product"}],"about":[{"href":"https:\/\/emotivart.fr\/boutique\/wp-json\/wp\/v2\/types\/product"}],"wp:featuredmedia":[{"embeddable":true,"href":"https:\/\/emotivart.fr\/boutique\/wp-json\/wp\/v2\/media\/360"}],"wp:attachment":[{"href":"https:\/\/emotivart.fr\/boutique\/wp-json\/wp\/v2\/media?parent=359"}],"wp:term":[{"taxonomy":"product_brand","embeddable":true,"href":"https:\/\/emotivart.fr\/boutique\/wp-json\/wp\/v2\/product_brand?post=359"},{"taxonomy":"product_cat","embeddable":true,"href":"https:\/\/emotivart.fr\/boutique\/wp-json\/wp\/v2\/product_cat?post=359"},{"taxonomy":"product_tag","embeddable":true,"href":"https:\/\/emotivart.fr\/boutique\/wp-json\/wp\/v2\/product_tag?post=359"}],"curies":[{"name":"wp","href":"https:\/\/api.w.org\/{rel}","templated":true}]}}