{"id":340,"date":"2026-03-14T15:34:12","date_gmt":"2026-03-14T14:34:12","guid":{"rendered":"https:\/\/emotivart.fr\/boutique\/?post_type=product&#038;p=340"},"modified":"2026-03-14T15:34:12","modified_gmt":"2026-03-14T14:34:12","slug":"lumieres","status":"publish","type":"product","link":"https:\/\/emotivart.fr\/boutique\/produit\/lumieres\/","title":{"rendered":"Lumi\u00e8res"},"content":{"rendered":"","protected":false},"excerpt":{"rendered":"<p>Travail de lumi\u00e8res. Trois \u00e9clairages diff\u00e9rents !<\/p>\n<p>Reproduction d&rsquo;1 pack de 3 cartes mini-formats : 6,40&#215;8,90cm.<\/p>\n<p>Papier d&rsquo;art, 180g.<\/p>\n<p>&nbsp;<\/p>\n","protected":false},"featured_media":341,"template":"","meta":[],"product_brand":[],"product_cat":[20],"product_tag":[42,40,41],"class_list":{"0":"post-340","1":"product","2":"type-product","3":"status-publish","4":"has-post-thumbnail","6":"product_cat-illustration-traditionnelle","7":"product_tag-bibliotheque","8":"product_tag-lumiere","9":"product_tag-ombre","11":"first","12":"instock","13":"taxable","14":"shipping-taxable","15":"purchasable","16":"product-type-simple"},"jetpack_sharing_enabled":true,"_links":{"self":[{"href":"https:\/\/emotivart.fr\/boutique\/wp-json\/wp\/v2\/product\/340","targetHints":{"allow":["GET"]}}],"collection":[{"href":"https:\/\/emotivart.fr\/boutique\/wp-json\/wp\/v2\/product"}],"about":[{"href":"https:\/\/emotivart.fr\/boutique\/wp-json\/wp\/v2\/types\/product"}],"wp:featuredmedia":[{"embeddable":true,"href":"https:\/\/emotivart.fr\/boutique\/wp-json\/wp\/v2\/media\/341"}],"wp:attachment":[{"href":"https:\/\/emotivart.fr\/boutique\/wp-json\/wp\/v2\/media?parent=340"}],"wp:term":[{"taxonomy":"product_brand","embeddable":true,"href":"https:\/\/emotivart.fr\/boutique\/wp-json\/wp\/v2\/product_brand?post=340"},{"taxonomy":"product_cat","embeddable":true,"href":"https:\/\/emotivart.fr\/boutique\/wp-json\/wp\/v2\/product_cat?post=340"},{"taxonomy":"product_tag","embeddable":true,"href":"https:\/\/emotivart.fr\/boutique\/wp-json\/wp\/v2\/product_tag?post=340"}],"curies":[{"name":"wp","href":"https:\/\/api.w.org\/{rel}","templated":true}]}}